ndreds digit of 171359?
3
What is the hundreds digit of 810155?
1
What is the millions digit of 27626143?
7
What is the units digit of 2545934?
4
What is the hundred thousands digit of 6030083?
0
What is the tens digit of 18941288?
8
What is the hundreds digit of 388485?
4
What is the tens digit of 35705?
0
What is the hundreds digit of 54838?
8
What is the millions digit of 12876013?
2
What is the ten thousands digit of 5983739?
8
What is the thousands digit of 42476?
2
What is the units digit of 4097003?
3
What is the hundreds digit of 16982282?
2
What is the hundreds digit of 143620?
6
What is the ten thousands digit of 1145302?
4
What is the tens digit of 17964752?
5
What is the hundreds digit of 9081228?
2
What is the thousands digit of 167712?
7
What is the hundreds digit of 20324?
3
What is the hundred thousands digit of 2665412?
6
What is the millions digit of 3036264?
3
What is the ten thousands digit of 769375?
6
What is the hundreds digit of 73670?
6
What is the tens digit of 37620?
2
What is the hundreds digit of 31649403?
4
What is the hundred thousands digit of 4531635?
5
What is the hundred thousands digit of 184127?
1
What is the thousands digit of 6574427?
4
What is the hundred thousands digit of 161597?
1
What is the ten thousands digit of 381302?
8
What is the thousands digit of 3050587?
0
What is the units digit of 237572?
2
What is the hundreds digit of 186768?
7
What is the hundreds digit of 720891?
8
What is the tens digit of 30482?
8
What is the hundreds digit of 7515429?
4
What is the ten thousands digit of 5819453?
1
What is the ten millions digit of 25491241?
2
What is the ten thousands digit of 3584501?
8
What is the tens digit of 898019?
1
What is the hundreds digit of 1122883?
8
What is the tens digit of 9266944?
4
What is the ten millions digit of 10107491?
1
What is the ten thousands digit of 887033?
8
What is the units digit of 10688?
8
What is the thousands digit of 11101324?
1
What is the units digit of 1083882?
2
What is the millions digit of 1895107?
1
What is the ten thousands digit of 8057218?
5
What is the thousands digit of 144550?
4
What is the units digit of 8312?
2
What is the units digit of 7889600?
0
What is the thousands digit of 11687414?
7
What is the tens digit of 35466?
6
What is the thousands digit of 4706712?
6
What is the hundreds digit of 408750?
7
What is the hundreds digit of 1047681?
6
What is the hundred thousands digit of 35060523?
0
What is the hundreds digit of 8627521?
5
What is the thousands digit of 22851?
2
What is the ten thousands digit of 553381?
5
What is the ten thousands digit of 257450?
5
What is the tens digit of 428693?
9
What is the hundreds digit of 162388?
3
What is the thousands digit of 1700313?
0
What is the hundred thousands digit of 212507?
2
What is the tens digit of 308138?
3
What is the tens digit of 47298?
9
What is the units digit of 4303206?
6
What is the hundred thousands digit of 6980405?
9
What is the ten millions digit of 14460722?
1
What is the hundred thousands digit of 20022050?
0
What is the thousands digit of 9334655?
4
What is the hundred thousands digit of 339096?
3
What is the hundred thousands digit of 4362576?
3
What is the hundred thousands digit of 478073?
4
What is the tens digit of 1131240?
4
What is the hundred thousands digit of 1076572?
0
What is the thousands digit of 8752046?
2
What is the thousands digit of 446118?
6
What is the thousands digit of 127049?
7
What is the tens digit of 3823053?
5
What is the thousands digit of 238493?
8
What is the tens digit of 378013?
1
What is the thousands digit of 1673987?
3
What is the thousands digit of 843446?
3
What is the tens digit of 125700?
0
What is the units digit of 804969?
9
What is the thousands digit of 34872693?
2
What is the hundred thousands digit of 7967708?
9
What is the tens digit of 207629?
2
What is the units digit of 922771?
1
What is the hundreds digit of 15568187?
1
What is the ten thousands digit of 12183610?
8
What is the hundred thousands digit of 9313249?
3
What is the hundred thousands digit of 2576279?
5
What is the hundred thousands digit of 115245?
1
What is the millions digit of 6267046?
6
What is the hundred thousands digit of 5837211?
8
What is the hundred thousands digit of 1438239?
4
What is the tens digit of 366692?
9
What is the hundreds digit of 151428?
4
What is the tens digit of 133069?
6
What is the tens digit of 7157584?
8
What is the ten thousands digit of 2177857?
7
What is the tens digit of 5241663?
6
What is the thousands digit of 1400143?
0
What is the ten millions digit of 11740527?
1
What is the hundreds digit of 1313401?
4
What is the thousands digit of 329319?
9
What is the units digit of 1147824?
4
What is the tens digit of 635148?
4
What is the thousands digit of 99537?
9
What is the thousands digit of 108883?
8
What is the hundreds digit of 1726592?
5
What is the thousands digit of 4138741?
8
What is the ten thousands digit of 23940281?
4
What is the hundred thousands digit of 4841823?
8
What is the tens digit of 3264660?
6
What is the ten thousands digit of 610682?
1
What is the hundred thousands digit of 272612?
2
What is the ten thousands digit of 171598?
7
What is the millions digit of 29722222?
9
What is the tens digit of 51152?
5
What is the ten thousands digit of 206546?
0
What is the hundreds digit of 894612?
6
What is the hundreds digit of 1439802?
8
What is the ten thousands digit of 42533?
4
What is the tens digit of 376425?
2
What is the hundreds digit of 8782105?
1
What is the tens digit of 304333?
3
What is the units digit of 8002919?
9
What is the ten thousands digit of 119472?
1
What is the tens digit of 492160?
6
What is the tens digit of 1130396?
9
What is the hundred thousands digit of 8975399?
9
What is the hundred thousands digit of 6530595?
5
What is the hundreds digit of 69124?
1
What is the hundred thousands digit of 226284?
2
What is the hundreds digit of 1820171?
1
What is the hundreds digit of 16979?
9
What is the thousands digit of 3847401?
7
What is the units digit of 2227713?
3
What is the hundreds digit of 623030?
0
What is the tens digit of 19141?
4
What is the ten thousands digit of 24711293?
1
What is the units digit of 2220554?
4
What is the ten thousands digit of 13184880?
8
What is the ten thousands digit of 4892611?
9
What is the units digit of 618793?
3
What is the hundred thousands digit of 2894263?
8
What is the ten thousands digit of 45732?
4
What is the hundred thousands digit of 209753?
2
What is the thousands digit of 7033176?
3
What is the hundreds digit of 16254662?
6
What is the hundred thousands digit of 337947?
3
What is the thousands digit of 39322819?
2
What is the hundreds digit of 1913166?
1
What is the thousands digit of 4203093?
3
What is the ten thousands digit of 872117?
7
What is the thousands digit of 357053?
7
What is the units digit of 870230?
0
What is the ten thousands digit of 1130800?
3
What is the hundreds digit of 27459134?
1
What is the thousands digit of 114406?
4
What is the hundred thousands digit of 12523165?
5
What is the hundred thousands digit of 26782593?
7
What is the hundred thousands digit of 779858?
7
What is the tens digit of 1216867?
6
What is the millions digit of 4101289?
4
What is the thousands digit of 14011277?
1
What is the ten thousands digit of 990032?
9
What is the ten thousands digit of 3699729?
9
What is the hundreds digit of 313834?
8
What is the units digit of 4783779?
9
What is the units digit of 3273078?
8
What is the hundred thousands digit of 1249473?
2
What is the ten thousands digit of 73430?
7
What is the units digit of 295316?
6
What is the tens digit of 2536945?
4
What is the hundreds digit of 681924?
9
What is the thousands digit of 1982937?
2
What is the hundred thousands digit of 1866172?
8
What is the millions digit of 1320224?
1
What is the thousands digit of 34782?
4
What is the hundreds digit of 278545?
5
What is the thousands digit of 525555?
5
What is the units digit of 8136981?
1
What is the ten thousands digit of 85388?
8
What is the units digit of 10879022?
2
What is the units digit of 61180?
0
What is the units digit of 103347?
7
What is the hundred thousands digit of 19259892?
2
What is the thousands digit of 304396?
4
